62. What is the remainder when g is divided by (-43)/(-5) - (-4)/10?
7
Let u(p) = p + 4. Let x(v) = -2*v - 1. Let g be x(-3). Suppose 3*s = -5 - 4, s = g*w - 28. What is the remainder when w is divided by u(-2)?
1
Let j(m) = -m + 1. Let c(r) be the second derivative of r**3 - 4*r**2 - r. Let u(h) = -c(h) - 12*j(h). What is the remainder when u(7) is divided by 20?
18
Suppose 14*o - 387 = 369. Calculate the remainder when o is divided by 22.
10
Let k = 55 + -5. What is the remainder when k is divided by 17?
16
Suppose -4*q + q = -5*l - 62, 3*q - 26 = -4*l. Let x = 48 - 8. What is the remainder when x is divided by q?
12
Let o(q) be the first derivative of 2/3*q**3 - 2*q - 4 + 0*q**2. Calculate the remainder when 17 is divided by o(2).
5
Let a = -3 + 1. Let u = 5 + a. Let x = 9 + -5. Calculate the remainder when x is divided by u.
1
Calculate the remainder when 8 - (-8)/2 - -3 is divided by 9.
6
Let d = -39 - -75. Let t = 19 + -6. Calculate the remainder when d is divided by t.
10
Let d(a) = 2*a**2 + 4*a - 4. Let y be d(-5). Let c = -12 + y. What is the remainder when 25 is divided by c?
11
Let r = -6 + 6. Suppose r = -5*l - 5*q + 53 + 52, 145 = 5*l - 5*q. Calculate the remainder when l is divided by 13.
12
Suppose -2*p = -10*p + 112. Calculate the remainder when p is divided by 5.
4
Let o = -1 + 3. Let b be (18/15)/((-6)/(-20)). Suppose 1 = b*n - 3. Calculate the remainder when o is divided by n.
0
Let l = -7 + 10. Suppose 0 = -2*k + 3*k - l. What is the remainder when 11 is divided by k?
2
Let i = -24 - -35. Calculate the remainder when 31 is divided by i.
9
Suppose 258 = 5*g - 2*j, -j = -3*j + 2. Calculate the remainder when g is divided by 18.
16
Suppose 4*m - 150 = -m. What is the remainder when 88 is divided by m?
28
Suppose -3*s - w + 30 = -2*w, s + 2*w - 3 = 0. What is the remainder when s is divided by 5?
4
Let r = 34 + -5. Let l = 26 - -31. What is the remainder when l is divided by r?
28
Suppose 0 = 3*h - 2*h - r, -4*h - r = -25. Calculate the remainder when h is divided by 2.
1
Suppose -4*z + z = -12. Suppose 0 = 2*c - 45 + 11. Suppose -5*d + 69 = 4*s, c = -3*d + z*s + 84. Calculate the remainder when d is divided by 6.
5
Let d = 106 - 73. Calculate the remainder when d is divided by 9.
6
Let w(x) = -x**3 - 13*x**2 - 14*x - 16. Let l be w(-12). Suppose 9*o - 51 = l*o. What is the remainder when o is divided by 18?
15
Let t(c) = -c**2 - 4*c - 2. Let i be t(-2). Suppose m + 0 + 6 = -3*f, 16 = i*m - f. What is the remainder when 17 is divided by m?
5
What is the remainder when 28 is divided by 4 + (-10)/(-5) + 0?
4
Suppose l = 3*l + 12. Calculate the remainder when 43 is divided by (44/6)/((-4)/l).
10
Let y(k) = 2*k**2 - 6*k - 11. Calculate the remainder when 73 is divided by y(6).
23
Let x = 37 + 4. What is the remainder when 79 is divided by x?
38
Let t(o) be the first derivative of o**3/3 + 2*o**2 + 2*o - 2. What is the remainder when 2 is divided by t(-4)?
0
Suppose 0*u = -u + 72. Suppose -2*q + u = q. Let z = -6 + 19. What is the remainder when q is divided by z?
11
Calculate the remainder when (-1)/4 + (-1445)/(-68) is divided by 6.
3
Let a = 11 + -2. Suppose 7 = w - 10. Calculate the remainder when w is divided by a.
8
Let m = 77 - 51. Suppose j = 3*t, m = 4*j + 4*t - 6. Calculate the remainder when 23 is divided by j.
5
Let u(r) = -3*r + 65. Calculate the remainder when 64 is divided by u(18).
9
Let t be 5/1 - (-10 - -13). Suppose -66 = -t*k - 0*k. What is the remainder when k is divided by 9?
6
Calculate the remainder when 236 is divided by 23/(-115) - ((-684)/10)/2.
32
Let r be -1 + (0 - 2) + 6. Suppose -23 = -r*k + 46. Let f(w) = -13*w - 1. Calculate the remainder when k is divided by f(-1).
11
Let z = -115 + 134. Calculate the remainder when 282 is divided by z.
16
Let r(q) = 2*q**2 - 15*q - 22. What is the remainder when r(9) is divided by 3?
2
Calculate the remainder when -5*(0 - 144/10) is divided by 19.
15
Let n = -78 - -113. Suppose -b - 3*r = -1, b + b - n = 5*r. Let p(g) = -g**3 + 8*g**2 - 5*g + 3. Calculate the remainder when p(7) is divided by b.
7
Let o = -7 + 25. Suppose 0 = 2*y - 0*y - 14. Calculate the remainder when o is divided by y.
4
Suppose 0 = -4*r + s + 2*s + 79, 0 = -5*r + 4*s + 100. Suppose -11 = -g + r. What is the remainder when g is divided by 21/(-6)*(0 - 4)?
13
Calculate the remainder when ((-9)/18)/(1/(-218)) is divided by 28.
25
Suppose -5*l + 5*r - 381 + 2216 = 0, -3*r = -l + 371. What is the remainder when 32 is divided by 1/(-6) + l/30?
8
Let i = 5 - 2. Let f = i + 10. Let t = -15 - -22. What is the remainder when f is divided by t?
6
Let k be 0 + 0*(-3)/6. Suppose 3*g = -k*g. Suppose 0 = -2*s - g*s + 46. Calculate the remainder when s is divided by 12.
11
Suppose -x + 5*s = 11, x - 3 + 2 = s. What is the remainder when 19 is divided by x?
3
Suppose -5*y - 672 = -3*x + 10, -5*y - 688 = 3*x. Let p = y - -291. Suppose p = 4*v + 3*g, 2*v - 8 - 74 = -4*g. What is the remainder when v is divided by 19?
18
Suppose -7 = a - 18. What is the remainder when a is divided by 30/20*8/2?
5
Let j be ((-52)/5)/((-8)/60). Let h = j + -35. Calculate the remainder when h is divided by 11.
10
Suppose 5 = 2*g - 5. What is the remainder when 3/6*(g + 5) is divided by 3?
2
Suppose -l = 4*l + 35. Let z = 1 - l. Calculate the remainder when 13 is divided by z.
5
Let j(s) = 2 - 3*s**2 + 4 - 3*s + 5*s**2. Suppose -2*b = b - 5*z - 5, -5*b - 4*z + 33 = 0. Calculate the remainder when j(b) is divided by 21.
20
Let q = -8 + 13. Suppose 12 = 3*a - 0*a. Suppose -a*f = f - 65. Calculate the remainder when f is divided by q.
3
Suppose m + 0*m = 3. Suppose -16 = -5*x + 2*v, -x = 3*v - v + 4. Let i = 10 - x. What is the remainder when i is divided by m?
2
Let t(o) = o**3 + o**2 + o + 6. Let b(f) = -f**3 + 6*f**2 - 3*f + 1. Calculate the remainder when b(2) is divided by t(0).
5
Let l = -107 + 150. Let a be 8/20 - (-13)/5. Suppose 2*n - 32 = -z, 4*z + z = a*n - 35. What is the remainder when l is divided by n?
13
Calculate the remainder when (-2)/6 + 2816/24 is divided by 12.
9
Suppose 0 = -10*z - 77 + 587. Calculate the remainder when z is divided by 18.
15
Let u(h) = 6*h + 28. Calculate the remainder when u(6) is divided by 24.
16
Let z be -7 - -7 - (1 - -13). What is the remainder when (-2 + 0)/(4/z) is divided by 4?
3
Let q = 4 + -6. Let p(h) = -4*h. Calculate the remainder when 21 is divided by p(q).
5
Suppose -f + 3*q = 6*q - 49, -5*f + 232 = 2*q. Calculate the remainder when f is divided by 25.
21
What is the remainder when 35 is divided by 124/10 + 8/(-20)?
11
Let k = 19 - 9. Let p be (1 - 1)*5/k. Let f = p - -4. What is the remainder when 5 is divided by f?
1
Let y = -5 - -9. What is the remainder when (8/(-12))/(2/(-33)) is divided by y?
3
Let x = 107 - 163. Let s(d) = -d**3 + 3*d**2 + 2. What is the remainder when x/(-14)*(0 + 4) is divided by s(2)?
4
Let x = 402 - 282. Calculate the remainder when x is divided by 31.
27
Let v(s) be the second derivative of -s**4/12 + 5*s**3/3 - 2*s**2 - 4*s. What is the remainder when 22 is divided by v(8)?
10
Let i(n) = -n**3 - 26*n**2 - 26*n + 9. What is the remainder when i(-25) is divided by 9?
7
Calculate the remainder when (54/15)/(12/320) is divided by 33.
30
Let b(u) = -7*u - 1. Suppose -2*v = v - 81. Let p = -2 + v. What is the remainder when p is divided by b(-2)?
12
Suppose 2*u + 3*m - 60 = 0, -4*u - 5*m + 104 = -16. What is the remainder when u is divided by 8?
6
Calculate the remainder when (-2)/13 - (-4230)/117 is divided by 10.
6
Let n(h) = h - 12. Let d be n(11). What is the remainder when 43 is divided by (0 + d)/(-1) - -14?
13
Suppose 0 = -2*o - 3*o - n + 10, n + 6 = 3*o. Suppose o = -2*y + 10. What is the remainder when 9 is divided by y?
1
Let f = 6 + 22. What is the remainder when 138 is divided by f?
26
Let q = 20 - 4. Let n be 131 - ((-2 - -1) + 2). Let a = n - 84. Calculate the remainder when a is divided by q.
14
Let p be -3*1*(-2)/3. Let y(f) = -f**2 + 8*f - 7. Let d be y(4). Suppose 0 = -p*l + 3*l - d. What is the remainder when 17 is divided by l?
8
Calculate the remainder when (1/2)/((-1)/(-34)) is divided by 10.
7
Suppose -4*o + o - 4*j = 0, j - 5 = -2*o. Calculate the remainder when 14 is divided by o.
2
Suppose -n + 64 = 2*n + 5*w, w + 1 = 0. What i